{"id":75,"date":"2016-02-19T16:17:17","date_gmt":"2016-02-19T16:17:17","guid":{"rendered":"http:\/\/demowp.cththemes.net\/monolit\/?page_id=75"},"modified":"2022-04-22T11:42:04","modified_gmt":"2022-04-22T15:42:04","slug":"nosotros","status":"publish","type":"page","link":"https:\/\/keutmann.cl\/inicio\/nosotros\/","title":{"rendered":"Nosotros"},"content":{"rendered":"<p>[vc_row content_placement=\u00bbmiddle\u00bb cth_layout=\u00bbportfolio_style7_wrap\u00bb autoplay=\u00bbyes\u00bb show_zoom=\u00bbno\u00bb show_more_info=\u00bbno\u00bb gallery_images=\u00bb960,898&#8243;][vc_column][\/vc_column][\/vc_row][vc_row cth_layout=\u00bbmonolit_page_sec\u00bb][vc_column width=\u00bb2\/3&#8243; offset=\u00bbvc_col-md-599&#8243;][vc_column_text]<\/p>\n<h2 id=\"tw-target-text\" class=\"tw-data-text tw-text-large tw-ta\" dir=\"ltr\" data-placeholder=\"Traducci\u00f3n\"><strong><span lang=\"es\" tabindex=\"0\">Nuestra historia<\/span><\/strong><\/h2>\n<p>En el a\u00f1o 1962, un visionario colono alem\u00e1n, don Egon Keutmann Besgen, para aprovechar las maderas que produc\u00eda su aserradero, comenz\u00f3 con la construcci\u00f3n de casas prefabricadas para capataces y cuidadores de fundos. Con el tiempo se empez\u00f3 a desarrollar el turismo en la zona, lo que aprovech\u00f3 para incursionar con la construcci\u00f3n de casas de veraneo, siempre en la modalidad prefabricada.<\/p>\n<div><\/div>\n<div>Luego, en 1991 se incorpora su hijo Harald a la empresa, trayendo nuevas metodolog\u00edas de construcci\u00f3n dejando el prefabricado atr\u00e1s. As\u00ed, las casas de veraneo pasaron de ser unas simples caba\u00f1as a casas con estilo, dise\u00f1o y comodidades.\u00a0Actualmente, la empresa se especializa en construcci\u00f3n de casas de veraneo de primer nivel, haciendo uso de maderas nobles de sur tales como: raul\u00ed, coig\u00fce y ma\u00f1\u00edo, adem\u00e1s de piedras de canteras cercanas a la zona. Todo esto incoporando materiales modernos.<\/div>\n<div><\/div>\n<div>La empresa entrega un servicio de excelencia en cuanto a la calidad, seguridad y tiempos de ejecuci\u00f3n, asegurando un producto de primer nivel. Nuestros clientes pueden testimoniar que el construirse una casa tan lejos de su lugar de trabajo ha sido para ellos un agrado, gracias a la confianza que han podido depositar en nuestra empresa.<\/div>\n<div><\/div>\n<div>Esperando que usted sea nuestro pr\u00f3ximo cliente.<\/div>\n<div><\/div>\n<div class=\"process-box\"><\/div>\n<p>[\/vc_column_text][\/vc_column][vc_column width=\u00bb1\/3&#8243; offset=\u00bbvc_col-md-4&#8243;][monolit_member photo=\u00bb667&#8243; socials=\u00bb%5B%7B%22link%22%3A%22url%3Ahttps%253A%252F%252Fcl.linkedin.com%252Fin%252Fharald-keutmann-31314834%253Ftrk%253Dorg-employees_mini-profile_cta%7Ctitle%3ALinkedin-in%7Ctarget%3A%2520_blank%7C%22%7D%5D\u00bb parallax_value=\u00bb-100&#8243;]<\/p>\n<h3><a class=\"ajax\" href=\"team-single.html\">Harald Keutmann<\/a><\/h3>\n<h4>CEO &#8211; Saluda Cordialmente<\/h4>\n<p>[\/monolit_member][\/vc_column][\/vc_row]<\/p>\n","protected":false},"excerpt":{"rendered":"<p>[vc_row content_placement=\u00bbmiddle\u00bb cth_layout=\u00bbportfolio_style7_wrap\u00bb autoplay=\u00bbyes\u00bb show_zoom=\u00bbno\u00bb show_more_info=\u00bbno\u00bb gallery_images=\u00bb960,898&#8243;][vc_column][\/vc_column][\/vc_row][vc_row cth_layout=\u00bbmonolit_page_sec\u00bb][vc_column width=\u00bb2\/3&#8243; offset=\u00bbvc_col-md-599&#8243;][vc_column_text] Nuestra historia En el a\u00f1o 1962, un visionario colono alem\u00e1n, don Egon Keutmann Besgen, para aprovechar las maderas que produc\u00eda su aserradero, comenz\u00f3 con la construcci\u00f3n de casas prefabricadas para capataces y cuidadores de fundos. Con el tiempo se empez\u00f3 a desarrollar el turismo en [&hellip;]<\/p>\n","protected":false},"author":1,"featured_media":0,"parent":0,"menu_order":0,"comment_status":"closed","ping_status":"closed","template":"homepage.php","meta":[],"_links":{"self":[{"href":"https:\/\/keutmann.cl\/inicio\/wp-json\/wp\/v2\/pages\/75"}],"collection":[{"href":"https:\/\/keutmann.cl\/inicio\/wp-json\/wp\/v2\/pages"}],"about":[{"href":"https:\/\/keutmann.cl\/inicio\/wp-json\/wp\/v2\/types\/page"}],"author":[{"embeddable":true,"href":"https:\/\/keutmann.cl\/inicio\/wp-json\/wp\/v2\/users\/1"}],"replies":[{"embeddable":true,"href":"https:\/\/keutmann.cl\/inicio\/wp-json\/wp\/v2\/comments?post=75"}],"version-history":[{"count":27,"href":"https:\/\/keutmann.cl\/inicio\/wp-json\/wp\/v2\/pages\/75\/revisions"}],"predecessor-version":[{"id":964,"href":"https:\/\/keutmann.cl\/inicio\/wp-json\/wp\/v2\/pages\/75\/revisions\/964"}],"wp:attachment":[{"href":"https:\/\/keutmann.cl\/inicio\/wp-json\/wp\/v2\/media?parent=75"}],"curies":[{"name":"wp","href":"https:\/\/api.w.org\/{rel}","templated":true}]}}